{"id":66,"date":"2020-01-24T10:49:01","date_gmt":"2020-01-24T10:49:01","guid":{"rendered":"http:\/\/bosscad.de\/?page_id=66"},"modified":"2022-10-06T13:08:07","modified_gmt":"2022-10-06T13:08:07","slug":"animationen","status":"publish","type":"page","link":"https:\/\/bosscad.de\/?page_id=66","title":{"rendered":"Animationen"},"content":{"rendered":"\t\t<div data-elementor-type=\"wp-page\" data-elementor-id=\"66\" class=\"elementor elementor-66\">\n\t\t\t\t\t\t<section class=\"elementor-section elementor-top-section elementor-element elementor-element-2f2be65 elementor-section-boxed elementor-section-height-default elementor-section-height-default\" data-id=\"2f2be65\" data-element_type=\"section\">\n\t\t\t\t\t\t<div class=\"elementor-container elementor-column-gap-default\">\n\t\t\t\t\t<div class=\"elementor-column elementor-col-100 elementor-top-column elementor-element elementor-element-a0cccaf\" data-id=\"a0cccaf\" data-element_type=\"column\">\n\t\t\t<div class=\"elementor-widget-wrap elementor-element-populated\">\n\t\t\t\t\t\t<div class=\"elementor-element elementor-element-adce284 elementor-widget elementor-widget-video\" data-id=\"adce284\" data-element_type=\"widget\" data-settings=\"{&quot;youtube_url&quot;:&quot;http:\\\/\\\/www.youtube.com\\\/v\\\/wODN-37euPE?&quot;,&quot;autoplay&quot;:&quot;yes&quot;,&quot;loop&quot;:&quot;yes&quot;,&quot;yt_privacy&quot;:&quot;yes&quot;,&quot;video_type&quot;:&quot;youtube&quot;}\" data-widget_type=\"video.default\">\n\t\t\t\t<div class=\"elementor-widget-container\">\n\t\t\t\t\t\t\t<div class=\"elementor-wrapper elementor-open-inline\">\n\t\t\t<div class=\"elementor-video\"><\/div>\t\t<\/div>\n\t\t\t\t\t\t<\/div>\n\t\t\t\t<\/div>\n\t\t\t\t\t<\/div>\n\t\t<\/div>\n\t\t\t\t\t<\/div>\n\t\t<\/section>\n\t\t\t\t<section class=\"elementor-section elementor-top-section elementor-element elementor-element-6a6044b elementor-section-boxed elementor-section-height-default elementor-section-height-default\" data-id=\"6a6044b\" data-element_type=\"section\">\n\t\t\t\t\t\t<div class=\"elementor-container elementor-column-gap-default\">\n\t\t\t\t\t<div class=\"elementor-column elementor-col-100 elementor-top-column elementor-element elementor-element-f5bb495\" data-id=\"f5bb495\" data-element_type=\"column\">\n\t\t\t<div class=\"elementor-widget-wrap elementor-element-populated\">\n\t\t\t\t\t\t<div class=\"elementor-element elementor-element-56836d9 elementor-widget elementor-widget-video\" data-id=\"56836d9\" data-element_type=\"widget\" data-settings=\"{&quot;youtube_url&quot;:&quot;http:\\\/\\\/www.youtube.com\\\/v\\\/WxESJd9d8K4&quot;,&quot;loop&quot;:&quot;yes&quot;,&quot;yt_privacy&quot;:&quot;yes&quot;,&quot;video_type&quot;:&quot;youtube&quot;}\" data-widget_type=\"video.default\">\n\t\t\t\t<div class=\"elementor-widget-container\">\n\t\t\t\t\t\t\t<div class=\"elementor-wrapper elementor-open-inline\">\n\t\t\t<div class=\"elementor-video\"><\/div>\t\t<\/div>\n\t\t\t\t\t\t<\/div>\n\t\t\t\t<\/div>\n\t\t\t\t\t<\/div>\n\t\t<\/div>\n\t\t\t\t\t<\/div>\n\t\t<\/section>\n\t\t\t\t<section class=\"elementor-section elementor-top-section elementor-element elementor-element-6677df8 elementor-section-boxed elementor-section-height-default elementor-section-height-default\" data-id=\"6677df8\" data-element_type=\"section\">\n\t\t\t\t\t\t<div class=\"elementor-container elementor-column-gap-default\">\n\t\t\t\t\t<div class=\"elementor-column elementor-col-100 elementor-top-column elementor-element elementor-element-3902ca1\" data-id=\"3902ca1\" data-element_type=\"column\">\n\t\t\t<div class=\"elementor-widget-wrap elementor-element-populated\">\n\t\t\t\t\t\t<div class=\"elementor-element elementor-element-bdbb3fd elementor-widget elementor-widget-video\" data-id=\"bdbb3fd\" data-element_type=\"widget\" data-settings=\"{&quot;youtube_url&quot;:&quot;http:\\\/\\\/www.youtube.com\\\/v\\\/aYcAEfv9tZ4&quot;,&quot;loop&quot;:&quot;yes&quot;,&quot;yt_privacy&quot;:&quot;yes&quot;,&quot;video_type&quot;:&quot;youtube&quot;}\" data-widget_type=\"video.default\">\n\t\t\t\t<div class=\"elementor-widget-container\">\n\t\t\t\t\t\t\t<div class=\"elementor-wrapper elementor-open-inline\">\n\t\t\t<div class=\"elementor-video\"><\/div>\t\t<\/div>\n\t\t\t\t\t\t<\/div>\n\t\t\t\t<\/div>\n\t\t\t\t\t<\/div>\n\t\t<\/div>\n\t\t\t\t\t<\/div>\n\t\t<\/section>\n\t\t\t\t<section class=\"elementor-section elementor-top-section elementor-element elementor-element-583164d elementor-section-boxed elementor-section-height-default elementor-section-height-default\" data-id=\"583164d\" data-element_type=\"section\">\n\t\t\t\t\t\t<div class=\"elementor-container elementor-column-gap-default\">\n\t\t\t\t\t<div class=\"elementor-column elementor-col-100 elementor-top-column elementor-element elementor-element-2de91b6\" data-id=\"2de91b6\" data-element_type=\"column\">\n\t\t\t<div class=\"elementor-widget-wrap elementor-element-populated\">\n\t\t\t\t\t\t<div class=\"elementor-element elementor-element-41f96e6 elementor-widget elementor-widget-video\" data-id=\"41f96e6\" data-element_type=\"widget\" data-settings=\"{&quot;youtube_url&quot;:&quot;http:\\\/\\\/www.youtube.com\\\/v\\\/oZT_iZrYbiY&quot;,&quot;loop&quot;:&quot;yes&quot;,&quot;yt_privacy&quot;:&quot;yes&quot;,&quot;video_type&quot;:&quot;youtube&quot;}\" data-widget_type=\"video.default\">\n\t\t\t\t<div class=\"elementor-widget-container\">\n\t\t\t\t\t\t\t<div class=\"elementor-wrapper elementor-open-inline\">\n\t\t\t<div class=\"elementor-video\"><\/div>\t\t<\/div>\n\t\t\t\t\t\t<\/div>\n\t\t\t\t<\/div>\n\t\t\t\t\t<\/div>\n\t\t<\/div>\n\t\t\t\t\t<\/div>\n\t\t<\/section>\n\t\t\t\t<\/div>\n\t\t","protected":false},"excerpt":{"rendered":"<p>https:\/\/youtube.com\/watch?v=wODN-37euPE%3Fhttp%3A<\/p>\n","protected":false},"author":1,"featured_media":0,"parent":0,"menu_order":0,"comment_status":"closed","ping_status":"closed","template":"","meta":{"footnotes":""},"class_list":["post-66","page","type-page","status-publish","hentry"],"yoast_head":"<!-- This site is optimized with the Yoast SEO plugin v25.5 - https:\/\/yoast.com\/wordpress\/plugins\/seo\/ -->\n<title>Animationen - Bo\u00dfmann Konstruktion GmbH<\/title>\n<meta name=\"description\" content=\"Mit unserer Erfahrung zu Ihrem Erfolg. Ihr 3D-CAD-Dienstleister \u2013 ohne Mensch keine Maschine.Wir sind ! seit 25 Jahren im Saarland ! zuverl\u00e4ssiger Partner f\u00fcr konstruktive L\u00f6sungen.\" \/>\n<meta name=\"robots\" content=\"index, follow, max-snippet:-1, max-image-preview:large, max-video-preview:-1\" \/>\n<link rel=\"canonical\" href=\"https:\/\/bosscad.de\/?page_id=66\" \/>\n<meta name=\"twitter:label1\" content=\"Gesch\u00e4tzte Lesezeit\" \/>\n\t<meta name=\"twitter:data1\" content=\"1\u00a0Minute\" \/>\n<script type=\"application\/ld+json\" class=\"yoast-schema-graph\">{\"@context\":\"https:\/\/schema.org\",\"@graph\":[{\"@type\":\"WebPage\",\"@id\":\"https:\/\/bosscad.de\/?page_id=66\",\"url\":\"https:\/\/bosscad.de\/?page_id=66\",\"name\":\"Animationen - Bo\u00dfmann Konstruktion GmbH\",\"isPartOf\":{\"@id\":\"https:\/\/bosscad.de\/#website\"},\"datePublished\":\"2020-01-24T10:49:01+00:00\",\"dateModified\":\"2022-10-06T13:08:07+00:00\",\"description\":\"Mit unserer Erfahrung zu Ihrem Erfolg. Ihr 3D-CAD-Dienstleister \u2013 ohne Mensch keine Maschine.Wir sind ! seit 25 Jahren im Saarland ! zuverl\u00e4ssiger Partner f\u00fcr konstruktive L\u00f6sungen.\",\"breadcrumb\":{\"@id\":\"https:\/\/bosscad.de\/?page_id=66#breadcrumb\"},\"inLanguage\":\"de\",\"potentialAction\":[{\"@type\":\"ReadAction\",\"target\":[\"https:\/\/bosscad.de\/?page_id=66\"]}]},{\"@type\":\"BreadcrumbList\",\"@id\":\"https:\/\/bosscad.de\/?page_id=66#breadcrumb\",\"itemListElement\":[{\"@type\":\"ListItem\",\"position\":1,\"name\":\"Startseite\",\"item\":\"https:\/\/bosscad.de\/\"},{\"@type\":\"ListItem\",\"position\":2,\"name\":\"Animationen\"}]},{\"@type\":\"WebSite\",\"@id\":\"https:\/\/bosscad.de\/#website\",\"url\":\"https:\/\/bosscad.de\/\",\"name\":\"Bo\u00dfmann Konstruktion GmbH\",\"description\":\"3D CAD-Konstruktion\",\"publisher\":{\"@id\":\"https:\/\/bosscad.de\/#organization\"},\"potentialAction\":[{\"@type\":\"SearchAction\",\"target\":{\"@type\":\"EntryPoint\",\"urlTemplate\":\"https:\/\/bosscad.de\/?s={search_term_string}\"},\"query-input\":{\"@type\":\"PropertyValueSpecification\",\"valueRequired\":true,\"valueName\":\"search_term_string\"}}],\"inLanguage\":\"de\"},{\"@type\":\"Organization\",\"@id\":\"https:\/\/bosscad.de\/#organization\",\"name\":\"Bo\u00dfmann Konstruktion GmbH\",\"url\":\"https:\/\/bosscad.de\/\",\"logo\":{\"@type\":\"ImageObject\",\"inLanguage\":\"de\",\"@id\":\"https:\/\/bosscad.de\/#\/schema\/logo\/image\/\",\"url\":\"https:\/\/bosscad.de\/wp-content\/uploads\/2020\/01\/BKS-Logo-1.png\",\"contentUrl\":\"https:\/\/bosscad.de\/wp-content\/uploads\/2020\/01\/BKS-Logo-1.png\",\"width\":200,\"height\":143,\"caption\":\"Bo\u00dfmann Konstruktion GmbH\"},\"image\":{\"@id\":\"https:\/\/bosscad.de\/#\/schema\/logo\/image\/\"}}]}<\/script>\n<!-- \/ Yoast SEO plugin. -->","yoast_head_json":{"title":"Animationen - Bo\u00dfmann Konstruktion GmbH","description":"Mit unserer Erfahrung zu Ihrem Erfolg. Ihr 3D-CAD-Dienstleister \u2013 ohne Mensch keine Maschine.Wir sind ! seit 25 Jahren im Saarland ! zuverl\u00e4ssiger Partner f\u00fcr konstruktive L\u00f6sungen.","robots":{"index":"index","follow":"follow","max-snippet":"max-snippet:-1","max-image-preview":"max-image-preview:large","max-video-preview":"max-video-preview:-1"},"canonical":"https:\/\/bosscad.de\/?page_id=66","twitter_misc":{"Gesch\u00e4tzte Lesezeit":"1\u00a0Minute"},"schema":{"@context":"https:\/\/schema.org","@graph":[{"@type":"WebPage","@id":"https:\/\/bosscad.de\/?page_id=66","url":"https:\/\/bosscad.de\/?page_id=66","name":"Animationen - Bo\u00dfmann Konstruktion GmbH","isPartOf":{"@id":"https:\/\/bosscad.de\/#website"},"datePublished":"2020-01-24T10:49:01+00:00","dateModified":"2022-10-06T13:08:07+00:00","description":"Mit unserer Erfahrung zu Ihrem Erfolg. Ihr 3D-CAD-Dienstleister \u2013 ohne Mensch keine Maschine.Wir sind ! seit 25 Jahren im Saarland ! zuverl\u00e4ssiger Partner f\u00fcr konstruktive L\u00f6sungen.","breadcrumb":{"@id":"https:\/\/bosscad.de\/?page_id=66#breadcrumb"},"inLanguage":"de","potentialAction":[{"@type":"ReadAction","target":["https:\/\/bosscad.de\/?page_id=66"]}]},{"@type":"BreadcrumbList","@id":"https:\/\/bosscad.de\/?page_id=66#breadcrumb","itemListElement":[{"@type":"ListItem","position":1,"name":"Startseite","item":"https:\/\/bosscad.de\/"},{"@type":"ListItem","position":2,"name":"Animationen"}]},{"@type":"WebSite","@id":"https:\/\/bosscad.de\/#website","url":"https:\/\/bosscad.de\/","name":"Bo\u00dfmann Konstruktion GmbH","description":"3D CAD-Konstruktion","publisher":{"@id":"https:\/\/bosscad.de\/#organization"},"potentialAction":[{"@type":"SearchAction","target":{"@type":"EntryPoint","urlTemplate":"https:\/\/bosscad.de\/?s={search_term_string}"},"query-input":{"@type":"PropertyValueSpecification","valueRequired":true,"valueName":"search_term_string"}}],"inLanguage":"de"},{"@type":"Organization","@id":"https:\/\/bosscad.de\/#organization","name":"Bo\u00dfmann Konstruktion GmbH","url":"https:\/\/bosscad.de\/","logo":{"@type":"ImageObject","inLanguage":"de","@id":"https:\/\/bosscad.de\/#\/schema\/logo\/image\/","url":"https:\/\/bosscad.de\/wp-content\/uploads\/2020\/01\/BKS-Logo-1.png","contentUrl":"https:\/\/bosscad.de\/wp-content\/uploads\/2020\/01\/BKS-Logo-1.png","width":200,"height":143,"caption":"Bo\u00dfmann Konstruktion GmbH"},"image":{"@id":"https:\/\/bosscad.de\/#\/schema\/logo\/image\/"}}]}},"_links":{"self":[{"href":"https:\/\/bosscad.de\/index.php?rest_route=\/wp\/v2\/pages\/66","targetHints":{"allow":["GET"]}}],"collection":[{"href":"https:\/\/bosscad.de\/index.php?rest_route=\/wp\/v2\/pages"}],"about":[{"href":"https:\/\/bosscad.de\/index.php?rest_route=\/wp\/v2\/types\/page"}],"author":[{"embeddable":true,"href":"https:\/\/bosscad.de\/index.php?rest_route=\/wp\/v2\/users\/1"}],"replies":[{"embeddable":true,"href":"https:\/\/bosscad.de\/index.php?rest_route=%2Fwp%2Fv2%2Fcomments&post=66"}],"version-history":[{"count":7,"href":"https:\/\/bosscad.de\/index.php?rest_route=\/wp\/v2\/pages\/66\/revisions"}],"predecessor-version":[{"id":151,"href":"https:\/\/bosscad.de\/index.php?rest_route=\/wp\/v2\/pages\/66\/revisions\/151"}],"wp:attachment":[{"href":"https:\/\/bosscad.de\/index.php?rest_route=%2Fwp%2Fv2%2Fmedia&parent=66"}],"curies":[{"name":"wp","href":"https:\/\/api.w.org\/{rel}","templated":true}]}}